e hundreds digit of 12582?
5
What is the thousands digit of 115682?
5
What is the thousands digit of 4391?
4
What is the thousands digit of 34520?
4
What is the units digit of 503?
3
What is the tens digit of 2035?
3
What is the units digit of 7791?
1
What is the hundreds digit of 1026?
0
What is the ten thousands digit of 18690?
1
What is the hundreds digit of 3143?
1
What is the units digit of 1632?
2
What is the tens digit of 447?
4
What is the hundreds digit of 84845?
8
What is the units digit of 275?
5
What is the tens digit of 74333?
3
What is the tens digit of 2333?
3
What is the tens digit of 4380?
8
What is the units digit of 67369?
9
What is the hundreds digit of 7286?
2
What is the tens digit of 69757?
5
What is the hundreds digit of 4862?
8
What is the thousands digit of 1239?
1
What is the thousands digit of 89534?
9
What is the ten thousands digit of 89066?
8
What is the thousands digit of 2691?
2
What is the thousands digit of 14871?
4
What is the hundreds digit of 4549?
5
What is the units digit of 955?
5
What is the tens digit of 180690?
9
What is the tens digit of 512?
1
What is the tens digit of 229?
2
What is the units digit of 1879?
9
What is the ten thousands digit of 68511?
6
What is the ten thousands digit of 33918?
3
What is the thousands digit of 8844?
8
What is the thousands digit of 5666?
5
What is the thousands digit of 14552?
4
What is the hundreds digit of 801?
8
What is the hundreds digit of 17139?
1
What is the ten thousands digit of 183253?
8
What is the units digit of 147225?
5
What is the tens digit of 3020?
2
What is the hundreds digit of 6469?
4
What is the hundreds digit of 1166?
1
What is the tens digit of 175?
7
What is the tens digit of 17771?
7
What is the tens digit of 2280?
8
What is the ten thousands digit of 68536?
6
What is the units digit of 29587?
7
What is the units digit of 5636?
6
What is the hundreds digit of 1371?
3
What is the units digit of 1825?
5
What is the units digit of 6659?
9
What is the units digit of 44278?
8
What is the tens digit of 133012?
1
What is the thousands digit of 37960?
7
What is the units digit of 164?
4
What is the hundreds digit of 9974?
9
What is the units digit of 6524?
4
What is the thousands digit of 2276?
2
What is the tens digit of 1834?
3
What is the tens digit of 551?
5
What is the units digit of 2605?
5
What is the tens digit of 2737?
3
What is the tens digit of 470?
7
What is the hundreds digit of 2273?
2
What is the units digit of 20689?
9
What is the tens digit of 790?
9
What is the hundreds digit of 3441?
4
What is the units digit of 78110?
0
What is the thousands digit of 112058?
2
What is the units digit of 71642?
2
What is the units digit of 2200?
0
What is the tens digit of 8985?
8
What is the tens digit of 35137?
3
What is the tens digit of 966?
6
What is the hundreds digit of 32817?
8
What is the hundreds digit of 2832?
8
What is the units digit of 58933?
3
What is the tens digit of 3806?
0
What is the thousands digit of 3468?
3
What is the hundreds digit of 290?
2
What is the ten thousands digit of 10117?
1
What is the thousands digit of 1011?
1
What is the hundreds digit of 6585?
5
What is the units digit of 3275?
5
What is the tens digit of 2926?
2
What is the units digit of 14701?
1
What is the tens digit of 4155?
5
What is the thousands digit of 24317?
4
What is the thousands digit of 48557?
8
What is the units digit of 10035?
5
What is the ten thousands digit of 19418?
1
What is the tens digit of 4321?
2
What is the hundreds digit of 22499?
4
What is the units digit of 5549?
9
What is the thousands digit of 71809?
1
What is the hundreds digit of 200237?
2
What is the units digit of 49?
9
What is the units digit of 453?
3
What is the tens digit of 46904?
0
What is the thousands digit of 3167?
3
What is the hundreds digit of 20784?
7
What is the units digit of 117959?
9
What is the units digit of 3305?
5
What is the ten thousands digit of 129521?
2
What is the hundreds digit of 43626?
6
What is the tens digit of 5264?
6
What is the tens digit of 2321?
2
What is the tens digit of 56843?
4
What is the units digit of 173?
3
What is the hundreds digit of 1804?
8
What is the tens digit of 1208?
0
What is the tens digit of 131811?
1
What is the ten thousands digit of 10988?
1
What is the hundreds digit of 8515?
5
What is the thousands digit of 4118?
4
What is the hundreds digit of 49214?
2
What is the hundreds digit of 44937?
9
What is the units digit of 161450?
0
What is the thousands digit of 22716?
2
What is the hundred thousands digit of 185670?
1
What is the units digit of 24309?
9
What is the tens digit of 153?
5
What is the units digit of 618?
8
What is the tens digit of 64941?
4
What is the hundreds digit of 6014?
0
What is the thousands digit of 1735?
1
What is the tens digit of 5017?
1
What is the thousands digit of 1244?
1
What is the tens digit of 3345?
4
What is the ten thousands digit of 10319?
1
What is the thousands digit of 60839?
0
What is the thousands digit of 16045?
6
What is the tens digit of 1112?
1
What is the units digit of 297?
7
What is the ten thousands digit of 29987?
2
What is the thousands digit of 20861?
0
What is the hundreds digit of 9686?
6
What is the units digit of 144?
4
What is the units digit of 531?
1
What is the tens digit of 932?
3
What is the thousands digit of 34570?
4
What is the units digit of 45419?
9
What is the thousands digit of 4134?
4
What is the units digit of 2195?
5
What is the hundreds digit of 32674?
6
What is the hundreds digit of 6868?
8
What is the thousands digit of 5723?
5
What is the hundreds digit of 62542?
5
What is the tens digit of 755?
5
What is the units digit of 70460?
0
What is the units digit of 34446?
6
What is the ten thousands digit of 21247?
2
What is the thousands digit of 61733?
1
What is the hundreds digit of 12241?
2
What is the thousands digit of 58291?
8
What is the units digit of 3027?
7
What is the hundreds digit of 30830?
8
What is the hundreds digit of 5170?
1
What is the thousands digit of 7775?
7
What is the hundred thousands digit of 132924?
1
What is the thousands digit of 17385?
7
What is the thousands digit of 6052?
6
What is the hundreds digit of 83229?
2
What is the hundreds digit of 886?
8
What is the hundreds digit of 661?
6
What is the tens digit of 50316?
1
What is the hundreds digit of 102085?
0
What is the units digit of 1264?
4
What is the hundreds digit of 94405?
4
What is the thousands digit of 11108?
1
What is the hundreds digit of 373?
3
What is the tens digit of 6648?
4
What is the tens digit of 3512?
1
What is the units digit of 41?
1
What is the hundreds digit of 103?
1
What is the units digit of 115509?
9
What is the thousands digit of 10450?
0
What is the hundreds digit of 51849?
8
What is the tens digit of 10261?
6
What is the tens digit of 36181?
8
What is the units digit of 15201?
1
What is the hundreds digit of 17705?
7
What is the hundreds digit of 4670?
6
What is the thousands digit of 2799?
2
What is the thousands digit of 78199?
8
What is the tens digit of 793?
9
What is the tens digit of 5464?
6
What is the ten thousands digit of 14086?
1
What is the units digit of 64?
4
What is the tens digit of 18010?
1
What is the units digit of 1898?
8
What is the hundreds digit of 2481?
4
What is the tens digit of 3704?
0
What is the tens digit of 3552?
5
What is the tens digit of 4114?
1
What is the thousands digit of 40382?
0
What is the hundreds digit of 39250?
2
What is the hundreds digit of 12704?
7
What is the hundreds digit of 7836?
8
What is the tens digit of 62282?
8
What is the thousands digit of 15151?
5
What is the units digit of 1384?
4
What is the units digit of 557?
7
What is the ten thousands digit of 17029?
1
What is the hundreds digit of 996?
9
What is the hundreds digit of 17666?
6
What is the thousands digit of 71826?
1
What is the thousands digit of 1730?
1
What is the hundreds digit of 157229?
2
What is the tens digit of 14057?
5
What is the thousands digit of 10328?
0
What is the tens digit of 7683?
8
What is the tens digit of 8280?
8
What is the tens digit of 88091?
9
What is the thousands digit of 10310?
0
What is the hundreds digit of 16134?
1
What is the hundreds digit of 712?
7
What is the units digit of 3846